lculate the greatest common divisor of 75 and 76000.
25
Calculate the greatest common divisor of 403850 and 205.
205
What is the highest common factor of 365376 and 308?
44
What is the greatest common divisor of 8708 and 353296?
1244
What is the highest common factor of 3178642 and 446?
446
What is the highest common divisor of 116 and 368?
4
What is the greatest common factor of 490 and 6934970?
490
What is the greatest common divisor of 890 and 533822?
178
What is the greatest common factor of 22 and 548?
2
Calculate the greatest common divisor of 11956 and 364.
28
What is the greatest common factor of 34440 and 2660?
140
What is the greatest common factor of 102 and 3562962?
102
Calculate the highest common factor of 369 and 1548816.
123
Calculate the highest common divisor of 169194 and 652.
326
Calculate the highest common divisor of 130 and 69030.
130
Calculate the greatest common divisor of 2800 and 8765.
5
What is the highest common divisor of 66700 and 14260?
460
What is the highest common divisor of 2135065 and 5?
5
What is the greatest common divisor of 1365 and 41475?
105
Calculate the highest common factor of 36 and 248256.
36
Calculate the greatest common factor of 7240 and 10.
10
Calculate the greatest common divisor of 21 and 123171.
3
Calculate the highest common factor of 116 and 42184.
4
What is the highest common divisor of 132807 and 3?
3
Calculate the highest common divisor of 93 and 26217723.
93
Calculate the greatest common divisor of 3276 and 143676.
468
Calculate the highest common factor of 2 and 101749.
1
Calculate the highest common factor of 152 and 30362.
38
What is the greatest common divisor of 27 and 203103?
9
Calculate the highest common divisor of 36 and 59166.
18
What is the highest common factor of 284488 and 3784?
344
Calculate the greatest common factor of 327 and 394907.
109
Calculate the greatest common divisor of 14 and 87038.
14
Calculate the greatest common factor of 264976 and 48.
16
What is the greatest common divisor of 6855 and 10095?
15
What is the highest common factor of 824844 and 6?
6
Calculate the highest common factor of 1219 and 4692.
23
What is the highest common factor of 63 and 6951?
21
Calculate the highest common factor of 13 and 87451.
13
What is the highest common divisor of 147760 and 160?
80
What is the highest common divisor of 67 and 271819?
67
Calculate the highest common factor of 95 and 25412405.
95
Calculate the greatest common factor of 126 and 133542.
18
Calculate the highest common divisor of 91 and 33696.
13
Calculate the highest common divisor of 3975 and 1200.
75
What is the highest common factor of 1254660 and 220?
220
What is the greatest common divisor of 232 and 609?
29
What is the greatest common factor of 516192 and 48?
48
What is the greatest common divisor of 952729 and 1587?
529
Calculate the highest common factor of 40 and 208952.
8
Calculate the greatest common factor of 36103 and 10968.
457
Calculate the highest common divisor of 138117 and 42.
21
What is the highest common factor of 222194 and 201481?
1883
What is the greatest common divisor of 724183 and 41?
41
What is the highest common factor of 103 and 9369498?
103
What is the greatest common divisor of 413585 and 57125?
2285
What is the highest common factor of 106567 and 61?
61
What is the greatest common divisor of 31837 and 403?
403
Calculate the highest common divisor of 20 and 691400.
20
What is the greatest common divisor of 10918 and 2060?
206
What is the greatest common factor of 3665 and 20?
5
Calculate the highest common divisor of 86175 and 675.
225
What is the greatest common factor of 1515 and 3795?
15
What is the greatest common divisor of 95 and 193933?
19
What is the greatest common factor of 2719705 and 381?
127
What is the greatest common divisor of 48 and 1712?
16
What is the highest common factor of 311 and 577216?
311
Calculate the greatest common divisor of 94 and 67586.
94
What is the highest common factor of 799422 and 48?
6
What is the highest common factor of 2945 and 10?
5
Calculate the highest common factor of 1812 and 32772.
12
Calculate the greatest common factor of 40 and 13915.
5
Calculate the highest common divisor of 889 and 2413.
127
Calculate the highest common factor of 5697 and 27641.
211
Calculate the greatest common factor of 129220 and 70.
70
Calculate the highest common divisor of 300265 and 595.
35
What is the greatest common factor of 5889 and 4875?
39
Calculate the highest common divisor of 109356 and 1404.
156
Calculate the greatest common divisor of 29898 and 1386.
198
What is the greatest common factor of 48 and 195276?
12
What is the greatest common factor of 248 and 10261?
31
What is the highest common divisor of 198 and 4558158?
198
What is the highest common divisor of 282 and 6864?
6
What is the greatest common factor of 135 and 50535?
45
Calculate the greatest common factor of 2592 and 1576.
8
What is the greatest common divisor of 2536 and 7936?
8
Calculate the highest common divisor of 9129 and 24497.
17
Calculate the highest common factor of 250 and 1570.
10
What is the highest common factor of 328 and 1111264?
328
What is the greatest common factor of 19435 and 144495?
845
What is the highest common factor of 928851 and 231?
231
What is the greatest common divisor of 379360 and 1280?
160
Calculate the highest common factor of 65970 and 990.
90
What is the highest common factor of 6875 and 85745?
55
Calculate the highest common divisor of 8631 and 27.
9
What is the greatest common divisor of 1795 and 556091?
359
Calculate the highest common factor of 28 and 304850.
14
What is the greatest common divisor of 1020 and 142460?
340
Calculate the highest common divisor of 2300 and 172.
4
Calculate the highest common divisor of 332 and 1660.
332
Calculate the greatest common divisor of 411424 and 24725.
989
What is the greatest common factor of 762912 and 64?
32
Calculate the greatest common factor of 1274 and 279552.
182
What is the greatest common factor of 157535 and 980?
245
What is the greatest common divisor of 215 and 1205?
5
Calculate the greatest common factor of 17833 and 966129.
1049
Calculate the highest common factor of 494 and 342912.
38
Calculate the greatest common factor of 74327 and 3029.
233
Calculate the greatest common divisor of 235 and 8370.
5
What is the highest common divisor of 3534 and 788994?
114
Calculate the greatest common divisor of 405 and 12069.
81
What is the greatest common factor of 102 and 296242?
34
Calculate the greatest common divisor of 8633 and 62177.
97
What is the highest common divisor of 2299770 and 69?
69
Calculate the highest common factor of 30 and 42980.
10
Calculate the highest common factor of 28164 and 108.
12
Calculate the highest common divisor of 175 and 25655.
35
What is the highest common factor of 434 and 330274?
434
What is the greatest common factor of 58925 and 75?
25
Calculate the highest common factor of 34632 and 676.
52
What is the greatest common factor of 495 and 6765?
165
Calculate the highest common factor of 24 and 40884.
12
Calculate the greatest common factor of 18106 and 1122.
22
Calculate the highest common factor of 86095 and 29815.
335
What is the highest common factor of 56227 and 59?
59
What is the highest common divisor of 51506 and 637?
91
What is the greatest common factor of 66710 and 170?
10
Calculate the highest common divisor of 2132351 and 10413.
1157
What is the greatest common divisor of 69896 and 8?
8
Calculate the highest common factor of 153 and 31761.
9
Calculate the greatest common divisor of 51525 and 1603.
229
Calculate the highest common divisor of 2089133 and 1761.
587
What is the greatest common factor of 61000 and 64000?
1000
What is the greatest common factor of 29602 and 5054?
722
Calculate the greatest common divisor of 37668 and 46428.
876
Calculate the highest common factor of 341 and 6079348.
341
Calculate the highest common factor of 58025 and 605.
55
Calculate the highest common factor of 1080 and 14120.
40
What is the greatest common divisor of 8508 and 213?
3
What is the highest common factor of 22938628 and 1756?
1756
Calculate the greatest common factor of 13289 and 35894.
137
Calculate the greatest common divisor of 1982502 and 864.
